*w - 56. Suppose 5*t + w = 4*a + 4, -2*a = 4*t - 18. Is y(t) composite?
False
Suppose 116*j - 110*j = 94494. Is j a composite number?
False
Is ((-11 + 5)/6 - -5) + 25257 prime?
True
Let a = -77 - -87. Let j(d) = d**3 + 3*d**2 - 12*d - 23. Is j(a) prime?
False
Let q = 18 - 9. Suppose -6*a = -q*a. Suppose -6 = -2*o, a = 2*i - 5*i + o + 63. Is i a prime number?
False
Suppose 0 = 5*m - 4*s - 1004, 0*s - 199 = -m - s. Suppose z - 4*y = -58 - 39, -83 = z + 3*y. Let w = m + z. Is w composite?
True
Suppose 7*x - 99669 = -5057. Let u = x + -8023. Is u composite?
True
Let q(t) = -756*t - 5. Let x be q(-5). Suppose 5*k - x = -0*k. Is k a composite number?
True
Let n(r) = r**3 + 20*r**2 + 14*r - 28. Suppose -79 = 6*c + 35. Is n(c) a prime number?
True
Is -5*((-112609)/35 + -6) a prime number?
False
Let p be (-48)/(-20)*((-42)/(-4) + -3). Is 2953*2*9/p composite?
False
Suppose 2*y = 5*g - 1, 3*y - g + 5*g + 13 = 0. Is (1334/y)/(-1 - 2/(-6)) prime?
False
Let f(q) = -1. Let i(b) = -11*b - 27. Let g(m) = 4*f(m) + i(m). Is g(-10) prime?
True
Is ((-8)/12)/(6/18) + 565 a composite number?
False
Suppose -9 = 9*s - 18. Let c(h) be the second derivative of 16*h**5 - h**4/6 - h**3/3 + 3*h**2/2 - h. Is c(s) prime?
False
Let m(v) = 8*v**3 + 14*v**2 - 17*v - 6. Is m(5) a composite number?
False
Let o = -2606 + 3757. Is o a composite number?
False
Let l(n) = -71*n - 2. Let v be (1 + -6)/1 - -2. Is l(v) composite?
False
Suppose -z - 66333 = -4*l, 3*z - 6145 - 10435 = -l. Is 1*2*l/46 a composite number?
True
Let p = 12 + 0. Is 1875/p + (-3)/(-4) composite?
False
Is (2/(-4))/((-18)/1905588) a prime number?
False
Let q be ((-206)/(-4))/(8/16). Let y(a) = -12*a - 7 - 12 + 16 - q*a. Is y(-4) prime?
True
Let u(d) = -d**3 - d**2 + d. Suppose -2*r + n - 8 = 0, -r + 3*n = -8 + 22. Let m be u(r). Is ((-385)/(-7))/(m/2) composite?
True
Let h(c) = -c**3 + 13*c**2 - c + 17. Let r be h(13). Suppose 130 = b - r*f, 3*b = b + 4*f + 260. Suppose -2*i + 114 = -b. Is i a composite number?
True
Let w(v) = 54*v**2 - 5. Let o be w(5). Suppose 274 = 2*g - m - 403, -m + o = 4*g. Is g a composite number?
False
Let y be 18/9 + (-9)/1. Let n = y - -4. Is 103/n*6/(-2) a prime number?
True
Suppose 3*c + 376 + 467 = 0. Let u = c + 447. Is u composite?
True
Let p(h) = 27*h**2 - 51*h - 37. Is p(-25) prime?
False
Let q(d) = 721*d**2 + 17*d - 1. Is q(1) a composite number?
True
Let r = 9525 + 4189. Let q = r + -9323. Is q a prime number?
True
Suppose 0 = 17*f - 21*f - 4, -4*f + 25176 = 4*n. Is n prime?
False
Let d = -2537 - -5836. Is d composite?
False
Let x(z) = -66*z - 50. Let r(h) = 33*h + 25. Let u(b) = 13*r(b) + 6*x(b). Is u(17) prime?
False
Let o = -38 - -43. Suppose -4*p + 2*g + 2510 - 162 = 0, -o*g = 0. Is p a composite number?
False
Let x = 4 + -3. Let a be (-221 + 3)*(x + 0). Is (a/6)/((-2)/6) prime?
True
Let d = -67 - -70. Suppose -d*r + 1616 = 371. Is r a prime number?
False
Suppose -4*k = 5*z - 70, 5*z - 14 = 4*z - 3*k. Let f = z + 135. Is f a prime number?
True
Suppose -379*l - 92676 = -391*l. Is l prime?
True
Let v(j) = -j**3 + 5*j**2 + 2*j + 7. Suppose 0 = 7*l - 6*l - 4*n - 12, -28 = 2*l + 5*n. Is v(l) a prime number?
False
Suppose 2*r + 149 = 3*t - 53, -206 = -3*t + 4*r. Let l(k) = -29*k - 7 - 57*k - t*k. Is l(-6) composite?
True
Suppose -32*f = 9*f - 91471. Is f a composite number?
True
Suppose -1 - 7 = -4*i. Suppose -i - 3 = c. Let n(j) = -42*j - 9. Is n(c) a composite number?
True
Suppose -5*z + 2*m = -987 + 208, -4*m = -4*z + 616. Suppose z = b - 484. Is b composite?
False
Let q be (-182)/(-112) + 3/8. Suppose 220 = q*m + 2*m. Is m a prime number?
False
Let j = -989 + 1596. Suppose 0 = -x + 280 + j. Is x composite?
False
Let a(h) = 4*h**3 - 6*h**2 - h - 10. Let u(c) = -c**3 - 11*c**2 + 27*c + 20. Let y be u(-13). Is a(y) a prime number?
True
Let w = 462 - 248. Let o = w - 109. Suppose j - 6 = o. Is j a composite number?
True
Let m be -1 - (-4)/(-6)*-3. Let t(u) = 4 + 9*u**2 - 5 - m. Is t(2) prime?
False
Suppose -1036 = -10*h - 4*h. Suppose 0 = 4*n - n + 105. Let t = n + h. Is t a composite number?
True
Let w be 0*(1 + -3 + 3). Let r be (-1)/(-3)*w + -2. Is (-57)/(-12)*(r + 6) a prime number?
True
Suppose 4*l - 36186 - 3277 = -3*h, h + 4*l - 13149 = 0. Is h a prime number?
False
Let q(y) be the second derivative of y**3/6 - 3*y**2/2 - y. Let o be q(10). Is 1102/o - 12/28 a composite number?
False
Is 540 + (-6 - (-10 + 11)) prime?
False
Suppose 10 = -5*l, -m + l = -4*l - 8. Is 255 - 4/4*m a prime number?
True
Let f(h) = 9*h**2 + 2*h - 4. Suppose -12 = -0*y + 2*y. Let m be f(y). Let l = m - 97. Is l prime?
True
Let o = -8 - -8. Suppose 5 + 1 = -3*z + 3*t, o = 3*z - 2*t + 4. Suppose 3*i - 873 = -z*i. Is i a prime number?
False
Let k = 48273 - 22310. Is k a prime number?
False
Suppose 0 = -4*w - 15*h + 10*h + 58784, -3*h = 4*w - 58792. Is w prime?
False
Suppose -2*y - 2*t - 2*t = -10, 5*y - 3*t - 25 = 0. Is (-1 + y + 0)*(-2147)/(-4) a composite number?
True
Let d(w) = -15*w**3 + 7 - 14*w**3 + 2*w**2 + 28*w**3 - 6*w**2 + 18*w. Is d(-12) composite?
True
Let y(z) = 15*z**2 + 9*z - 32. Let u(r) = 3*r**2 - 30*r + 7. Let m be u(10). Is y(m) prime?
False
Let n(u) = 691*u**3 - 3*u**2 + u + 2. Is n(1) a composite number?
False
Suppose c - 6*c = -3040. Suppose c = 5*a - 647. Is a a prime number?
True
Suppose -5*u + b + 703 = -3*b, 270 = 2*u + 4*b. Let q = u + 366. Is q prime?
False
Let h(o) = -11*o**3 - 6*o**2 - 17*o + 7. Let j(q) = -7*q**3 - 4*q**2 - 11*q + 5. Let a(v) = -5*h(v) + 8*j(v). Let w be (-2)/(-10) + 52/(-10). Is a(w) composite?
True
Let j(p) = 38*p - 5. Suppose 0 = -2*u + 4*u + 4*c - 20, 4*c = 4*u + 20. Suppose -2*b + 4 = -u*b. Is j(b) prime?
True
Suppose 3*h + 15 = -5*n + 217, -5*h - 2*n = -362. Is h prime?
False
Suppose 2*y - 27 + 53 = 0. Is (166/4)/(y/(-78)) composite?
True
Suppose -4*l = -4*g + 40904, -2*l - 29267 = -5*g + 21848. Is g a composite number?
True
Suppose -4*x - 92 = 4. Let b = x - -33. Let v(t) = 79*t - 10. Is v(b) prime?
True
Suppose 2*i - 4*i + 4*q - 80 = 0, -2*q - 224 = 5*i. Is (-22)/i - 313/(-2) composite?
False
Let v = -3 - -3. Let q(f) = 11*f + 3 + 11*f - 4 + v. Is q(3) prime?
False
Let w = -9 + 32. Let x = w + -38. Let t = x + 48. Is t prime?
False
Suppose 0 = 28*u - 21*u - 18053. Is u a composite number?
False
Let t = 1018 + 567. Is t a prime number?
False
Suppose 4*m - m + 324 = -4*j, 108 = -m + 3*j. Is m/(-60)*(-20)/(-6) a composite number?
True
Let b = -18754 + 30793. Is b a composite number?
True
Let c = -327 + 1978. Is c a composite number?
True
Let l be (-1)/7 - (-301)/49. Suppose l*z - 7 = 5. Suppose 2*d = z*u + 250, 3*u - 476 = -4*d - u. Is d a prime number?
False
Let b(i) = -i**3 + 14*i**2 - 2*i + 6. Let k(c) = c**2 - 2*c + 1. Let x be k(-2). Suppose -x = -3*q + 30. Is b(q) a prime number?
True
Let z(r) = r**2 + 2*r - 19. Let x be z(-6). Is 4*(x + (-159)/(-4)) prime?
True
Suppose -76 = -3*t - 5*z, 3*t + 5*z - 64 = 6*z. Is t a prime number?
False
Suppose -5*k + 15049 = -3*m, k + 2*m = -0*k + 3015. Is k a composite number?
False
Let f(z) = -z + 304 - 10*z - 299. Is f(-4) a prime number?
False
Let z(j) = j. Let h be z(3). Let l(m) = 196*m - 1. Is l(h) a prime number?
True
Let v = -2633 - -4114. Is v a prime number?
True
Let q(t) = 4*t**2 + 8*t - 13. Is q(13) a prime number?
False
Suppose 3*v + 0*o - 350 = -4*o, 3*v - 4*o = 358. Suppose 0 = v*l - 113*l - 6595. Is l prime?
True
Let i(b) = b**2 + 8*b - 6. Let j be i(-9). Is (39 + (1 - j))/1 a composite number?
False
Let m be (-4 - 0)/(-1) + 1. Suppose -115 = -m*q + 40. Is q a prime number?
True
Suppose -5*y + 50 - 5 = 0. Let p(l) = 4*l**3 - 12*l**2 - 7*l - 16. Is p(y) composite?
True
Is (2/6)/((-6)/((-7236)/6)) a composite number?
False
Suppose i + 10*k = 12*k + 4547, 3*k - 18188 = -4*i. Is i prime?
True
Let p(q) = -q - 101. Let r be p(-19). Let t(s) = -s**2 - 2*s + 1. Let y be t(6). Let g = y - r. Is g composite?
True
Let l = 1 + 8. Let a = l + -10. Is 1 + 24/2 - a prime?
False
Let l(m) = 147*m**2 - m + 1. Let v = 39 - 34. Suppose -h = -v*c + 1, -4*h + 2*h - 2 = 2*c. Is l(h) a composite number?
False
Let j = 27559 + -11876. Is j prime?
True
Suppose 0 = 2*g + 16 - 6, 0 = 3*m - 4*g - 812. Suppose 243 = -3*z - m. Is (-4)/(-18) - z/9 a prime number?
True
Let w = -7 + 9. Let r be w/6 + (-10)/(-6). Suppose -h 